actors of v.
2, 3
Suppose -6*l - d = -3*l - 18, 3*l - 9 = 2*d. Suppose 0 = 3*b - 4*h - 53, l*b - 97 = -0*b - 2*h. What are the prime factors of b?
19
Let v(a) = -a + 115. What are the prime factors of v(30)?
5, 17
Let g(z) = -z**2 + 6*z - 4. What are the prime factors of g(4)?
2
Let a(f) = -f**2 - 12*f - 6. List the prime factors of a(-8).
2, 13
Let x be (1/2)/(3/(-18)). Let i(v) = -2*v - 4. Let s be i(x). Suppose p - 9 + 4 = 0, -s*q + 61 = 5*p. What are the prime factors of q?
2, 3
Suppose d + y - 32 = 2*y, 0 = 5*d + 2*y - 153. List the prime factors of d.
31
Let a be -5 - (-1)/(-2)*-2. Let f(s) = -s**3 - 4*s**2 + s - 4. Let x be f(a). Let h = x + 12. List the prime factors of h.
2
Suppose -5*q + 41 = -0*q + 4*r, 5*r = 4*q. List the prime factors of q.
5
Let j(b) = -10 - 14 + 4*b + 8. List the prime factors of j(12).
2
Let p(o) = 20*o**3 - o**2 - 3*o + 5. List the prime factors of p(2).
5, 31
Suppose -3*h - 115 - 2 = -z, h = -5*z + 569. What are the prime factors of z?
2, 3, 19
Suppose -s - s + 16 = -2*j, -4*s - 3*j = -53. Suppose 9 + s = 2*v. List the prime factors of v.
2, 5
Let j(u) = u**2 + 2*u. Let i be j(-3). Let h = -3 + i. Suppose w + 33 = 2*v, h = 3*v + 4*w - 16 - 28. What are the prime factors of v?
2
Suppose -6*t + 10 = -t, 0 = u - 3*t + 6. Let f be 1 - (u/(-2) + -11). Suppose -2*i = k - f, 0 = -5*k + i - 4*i + 74. What are the prime factors of k?
2
Let l(o) = -16*o**3 + o**2 - o - 1. Let x be l(-1). Suppose -3*h = -b - 13, -x = -0*h + h + 5*b. What are the prime factors of 6*(h/(-6) - -2)?
3
Let z(d) = 3*d**3 - d. Let a be z(1). Let i(s) be the first derivative of 2*s**3/3 - 3*s**2/2 + 3. List the prime factors of i(a).
2
What are the prime factors of 51 + (3/(-3))/(-1)?
2, 13
Let w = 116 + -74. Suppose -5*n + 5*u + w = -168, -n + 5*u + 62 = 0. What are the prime factors of n?
37
Suppose 3*o - 16 = 2*z, 2*z - 5*z = 3*o - 36. Let x = o - 12. List the prime factors of x/(-4) + 0 + 16.
17
What are the prime factors of ((3*2)/(-3))/(4/(-112))?
2, 7
Suppose 0 = -2*v + 2 + 2. Let c = 2 - v. Suppose -b = 3*o + 2, c = 4*b + 4*o - 4 - 4. What are the prime factors of b?
2
Let f be 1/((-25)/12 + 2). Let j be -2 + 1 - 2 - f. List the prime factors of 12 - 3*(-6)/j.
2, 7
Let g = -109 + 120. List the prime factors of g.
11
Let f(k) = -18*k - 22. List the prime factors of f(-6).
2, 43
Suppose 2*p + 3*p = 65. What are the prime factors of p?
13
Let h(x) = -x**2 - 6*x. Let s be h(-6). Suppose s = 4*t - 5 - 19. What are the prime factors of t?
2, 3
Let q be (-4)/(-16)*-10*-2. Let k be (-1 - -1) + -1 + 1. Suppose k = q*c - 0*c - 55. What are the prime factors of c?
11
Let u be ((-15)/6)/(3/18). Let p = -4 - u. List the prime factors of p.
11
Suppose 3*j - 300 = -3*j. What are the prime factors of j?
2, 5
Let l be 37 + (0 - 0 - 1). Suppose o + 2*k = 11 - 3, -3*o - 3*k + l = 0. Suppose -o - 10 = -2*x. What are the prime factors of x?
13
Let i(d) be the first derivative of -d**4/12 - 3*d**3/2 - 3*d**2 - 3*d + 2. Let z(m) be the first derivative of i(m). List the prime factors of z(-6).
2, 3
What are the prime factors of (-2)/((-676)/1060 + 12/20)?
53
Suppose -2*d + 605 - 93 = 4*m, -5*m + 640 = d. List the prime factors of m.
2
Suppose 0*a - 4*a - 28 = 0. Let i(u) = -4*u - 2. Let r be i(-2). List the prime factors of 40/r + a/(-21).
7
Suppose -8*f = -3*f - 25. Suppose f*t = 26 + 4. List the prime factors of t.
2, 3
Let p(u) = -u + 2. Suppose -1 = -2*s - 5. Let f be p(s). List the prime factors of 4/(-8) - (-10)/f.
2
Suppose j - 12 = -3*j. Suppose 11 + 15 = j*c + 2*t, 3*t = 3*c - 21. Suppose -m + 4 = -c. List the prime factors of m.
2, 3
Let w = -19 - -26. What are the prime factors of w?
7
Let b(i) = -i**3 + i + 11. Suppose 2*c = 5 - 1. Let a be 0*((-5)/c + 2). List the prime factors of b(a).
11
Let j(b) = b**3 + 11*b**2 + 3*b + 20. List the prime factors of j(-8).
2, 47
Let p(c) = c**3 - c**2 + c + 1. Let v be p(2). Suppose -a = -2*a - v. Let z = a - -15. List the prime factors of z.
2
Suppose -2*g + 6*g - 36 = 0. What are the prime factors of -3*(-24)/g*1?
2
Suppose 0 = -s - 4*s. Suppose -5*z - 108 = -s*g - 4*g, 4*g - 108 = -3*z. List the prime factors of g.
3
Let r = 4 + -1. Suppose -4*b + r*b + 2 = 0. Let h(l) = l**3 + 3*l**2 - 3*l + 3. List the prime factors of h(b).
17
Suppose 3*u - 9 = -0*u + z, 0 = u - z - 3. Suppose u*s = -0*s + 24. List the prime factors of s.
2
Suppose r - 2 = 3*r, -76 = -3*t + r. List the prime factors of t.
5
Let x(u) = u + 9. Suppose -3*a = d + 4*d + 29, -2*d + a - 5 = 0. List the prime factors of x(d).
5
Suppose 5*o + 2 - 22 = 0. Suppose 0*w - o = -2*w. List the prime factors of 3*(7 - -1)/w.
2, 3
Let h(k) = k**3 - 9*k**2 + 7*k + 8. Let y be h(8). Suppose y = f - 3*f - 2, 5*f = -x + 1. What are the prime factors of (3/(-2))/(x/(-20))?
5
Let w = 60 - 24. What are the prime factors of w?
2, 3
Let t(u) be the first derivative of u**4/4 - 4*u**3/3 - 2*u**2 + 7*u - 2. What are the prime factors of t(5)?
2, 3
Let v(a) be the second derivative of a**4/12 - 4*a**3/3 + 3*a**2/2 + a. List the prime factors of v(8).
3
Suppose 800 = -17*r + 22*r. List the prime factors of r.
2, 5
Suppose -g + 5*w + 57 = 0, g - 53 = -2*w + 3*w. What are the prime factors of g?
2, 13
Let j = -177 - -378. List the prime factors of j/12 + 2/8.
17
Suppose 7 = 3*k - 5. Suppose 0 = 2*o + q - 84, -k*o = -5*q - 164 + 24. What are the prime factors of o?
2, 5
Let z(b) = 4*b - 5. Suppose 3*o - 25 = -2*o. What are the prime factors of z(o)?
3, 5
Let d = -4 + 70. What are the prime factors of d?
2, 3, 11
Suppose 8*a + 3*g - 151 = 4*a, 3*g + 129 = 3*a. What are the prime factors of a?
2, 5
Suppose 5*b = -2*d + 28 + 323, 2*d = -b + 75. Suppose -4*g + b = 5*o - 39, 5*o = 2*g + 126. What are the prime factors of o?
2, 3
Let r(o) = o**2 - o - 8. What are the prime factors of r(-17)?
2, 149
Suppose -t - 2*h + 20 - 5 = 0, h + 15 = 4*t. Suppose 4*w + 3 - 7 = 0, 0 = -f - t*w + 18. What are the prime factors of f?
13
What are the prime factors of -24*4/((-80)/55)?
2, 3, 11
Let i be ((-9)/18)/((-2)/(-20)). List the prime factors of 7/((-105)/18)*i.
2, 3
Let u(h) = -5*h - 8. Let s be 8/(-3)*(-27)/(-12). Let f be u(s). Let t = f - 11. What are the prime factors of t?
11
Let h be -3 - (1 + (-1 - 3)). Suppose 0 = -l - h*l + 7. List the prime factors of l.
7
Let u = -213 - -352. List the prime factors of u.
139
Let w = 1 + -1. Suppose -k = -w*r + r + 4, r = -3*k - 18. Let i(b) = -b**3 - 8*b**2 - 8*b - 2. What are the prime factors of i(k)?
5
Suppose -5*j + 62 = -8. Let z = -72 - -77. Suppose z*h - j + 4 = 0. List the prime factors of h.
2
Suppose -c + 3*c = 102. Suppose -c + 18 = -3*j. What are the prime factors of j?
11
Let v be -2*(0 - -3)*-1. Suppose v = -0*r - r. What are the prime factors of (-4 - 8)*4/r?
2
Let p(b) = 4*b**2 + b - 1. Suppose 3*j - 4*u = -18, 2*j - 5*u + 17 + 2 = 0. List the prime factors of p(j).
13
Let o(q) = -q**3 - 5*q**2 + 5*q - 4. Let z be o(-6). Let m = -7 + 8. Let t = m + z. What are the prime factors of t?
3
Suppose -g + 3*j + 30 = 0, 6*g - 3*g - 68 = -2*j. Suppose -2*l + g = 2*l. Let v = l + 4. What are the prime factors of v?
2, 5
Suppose 0*c = 2*c - 4, c = -4*z + 50. Suppose z = d - 2. What are the prime factors of d?
2, 7
Let g = 33 - -3. Suppose 3*x + g = 6*x. What are the prime factors of x?
2, 3
Suppose 0 = 9*o - 614 - 700. List the prime factors of o.
2, 73
Let a(v) = -3*v + 3. Let j(o) = -6*o + 5. Let s(g) = -5*a(g) + 2*j(g). Let c be s(4). List the prime factors of (11 - c)*6/8.
3
Let x = 52 - 32. Let r be (3/2)/((-15)/x). What are the prime factors of (-8)/3*3/r?
2
Let h(b) = b**2 + 2*b - 12. List the prime factors of h(-7).
23
What are the prime factors of -10*(94/(-10) - (-9)/9)?
2, 3, 7
Let c(v) = v - 4. Let r be c(5). Let l(a) be the first derivative of 15*a**2/2 - a - 1. What are the prime factors of l(r)?
2, 7
Suppose -3*q + 43 = -a + 3*a, 2*q = 10. What are the prime factors of 74/a + 6/(-21)?
5
Let g(f) = 4*f - 4. Let o be g(10). List the prime factors of 326/9 + (-8)/o.
2, 3
Let w(l) = l**2 + 11*l - 11. Let s be 8/(2 + 2) + -16. List the prime factors of w(s).
31
Suppose 3*g - 21 = 18. Let i = g - 23. List the prime factors of (-56)/i - 3/5.
5
Let b be (-36 + 1)*4/10. List the prime factors of (2 + b)/4 + 7.
2
List the prim